15)). Suppose 59 = d*c + 2*w, 3*w + 53 = 5*c + 2*w. Suppose 0 = 4*f - 115 + c. Is f prime?
False
Let g = -17 - -37. Suppose 3*v - 4*v = -3*y + g, v - 22 = -3*y. Is y composite?
False
Let d(j) = -j**3 - 6*j**2 - 5*j + 5. Let f be d(-5). Is (-50)/(-4)*4/f a composite number?
True
Let p = -2365 + 3413. Suppose -4*f + 2*f + 506 = -3*x, 4*f + 3*x = p. Is f a composite number?
True
Suppose d = -h - 804, 0 = -5*d - 3*h - 394 - 3636. Let f = d + 1180. Is f a composite number?
True
Suppose 6 = 6*c - 3*c. Suppose -c*g = 4*g - 1554. Is g a prime number?
False
Suppose -2 = y + y. Let j be ((-42)/6)/(y/(-3)). Let l = 54 + j. Is l prime?
False
Suppose 0 = 3*f - 4*r - 120, 4*f - 160 - 22 = -2*r. Let v = f + -67. Let c = v - -100. Is c prime?
False
Suppose -3*o = 94 + 281. Let w = -88 - o. Is w a composite number?
False
Let w be ((-1 - 3) + 3)/(-1). Suppose -w = -m + 1. Suppose 4*h - m*h + 8 = x, 2*x - 17 = 3*h. Is x prime?
False
Let y(f) = -f**2 + 11*f. Let g be y(11). Suppose 4*u + 40 + 16 = 2*r, g = -4*u + 12. Is r composite?
True
Let y(f) = -f - 1. Let t be y(-6). Let g(h) = -h**3 + 3*h**2 + 4*h + 5. Let s be g(t). Is 186/10 + (-10)/s a prime number?
True
Suppose -g + 2*i + 141 = 0, i - 282 = -2*g - i. Let y = -92 + g. Is y a prime number?
False
Let r = -19 + 41. Is r prime?
False
Let x(d) be the first derivative of d**2/2 + d + 3. Let k be x(1). Is (9/k)/(6/8) prime?
False
Suppose 0 = -4*p - 509 + 25. Let v = 186 + p. Is v a prime number?
False
Let r be -8 + 8 + (1 - 7). Is (-1414)/(-6) - 8/r composite?
True
Let f = -145 + 234. Suppose 68 = -2*v + i, 0 = 2*v + 5*i + f - 33. Let u = v - -47. Is u composite?
True
Let a(m) = 112*m**2 + m + 1. Let n be a(-1). Suppose -2*l + n = 5*r, 2 = 3*l - 1. Let d = 73 + r. Is d a composite number?
True
Suppose 13*d - 6441 = -643. Is d a composite number?
True
Suppose -4*z + 1513 = -5*g, z + z - g = 761. Is z composite?
True
Suppose 9*o - 7*o - 12418 = 0. Is o a prime number?
False
Suppose -2*q = 2*y - 2296, q + q = 5*y + 2317. Is q prime?
True
Suppose 2*p + 2*s - 8 = -3*p, -4*p + 9 = -s. Suppose 0 = 5*m + d + 3*d + p, 5*m = -5*d. Is 74/(-3)*3/m a composite number?
False
Let c = 527 - 234. Is c a prime number?
True
Suppose -3*t = -3*q + 1617, -1082 = -2*q + t - 0*t. Suppose -3*a + q = -3*p - 90, p = 3*a - 633. Is a a prime number?
True
Suppose -4*o + 942 = z + 2*z, -3*o + 709 = z. Is o composite?
True
Let u = 566 - 312. Is 1*2 - (-1 - u) composite?
False
Let f(s) = -5*s - 1. Let w be f(1). Is (w/(-18))/((-3)/(-423)) prime?
True
Suppose -7*q = -4*r - 2*q + 90, q - 2 = 0. Is r composite?
True
Suppose -p - 19 = -2*h, 5*h - 2*p = 20 + 29. Suppose h = 4*b - 17. Is b composite?
False
Let t(i) = i**2 + 4*i - 1. Let o(x) = -x**3 - 8*x**2 + 9*x - 2. Let k be o(-9). Let v be t(k). Let u = v + 19. Is u a prime number?
False
Let c(q) = -q - 2. Let y(f) = -1. Let m(x) = -c(x) + 5*y(x). Let n be m(9). Let v(o) = o**3 - 5*o**2 + o - 7. Is v(n) composite?
True
Suppose -5 + 19 = 2*n + j, 5*j + 26 = 2*n. Suppose n*t - 4*t = 364. Is t a composite number?
True
Let k be ((-64)/6)/(2/(-6)). Suppose 3*c + 5*t - 455 = 0, k = -3*c - t + 471. Is c composite?
True
Let l = 1580 + -1107. Is l composite?
True
Let s(z) = -7*z**3 + 4*z**3 + 4*z**3 - 1 - 5*z - 9*z**2. Is s(10) a prime number?
False
Let k = 31 + -58. Let v be 0 + (2 - 3) - 0. Is 2 + k*7/v composite?
False
Suppose -6 = -2*f + f. Suppose -3*a - f = -6*a. Is a/(-3) + 269/3 a prime number?
True
Let r = -11 + 11. Suppose b = 31 - r. Is b prime?
True
Let x(r) = 30*r**2 - 2*r + 1. Let n be x(3). Suppose 3*m - n = -4*p, 203 = p + 2*p - 2*m. Is p composite?
False
Let w(k) = -k**2 - 3*k - 2. Let r be w(-3). Is (r/3)/(2/(-111)) prime?
True
Suppose 4803 = -0*d + 3*d. Is d a prime number?
True
Is 5 + 3 + -6 - -65 prime?
True
Let m = 3 - 1. Suppose 3*p - 2*z = -456, -p + 0*z = m*z + 152. Let c = -67 - p. Is c a prime number?
False
Let b = 735 - 316. Is b a prime number?
True
Suppose 240 = -4*f + 5*j - 0*j, 5*f - 3*j = -313. Let b = 10 - 12. Is f/(-10) + b/(-4) prime?
True
Suppose 0 = -4*k - 2*t + 2758 + 856, 0 = -3*k - 3*t + 2718. Is k composite?
True
Let p = 10 + -7. Is -1 - (-40 + p) - -3 a composite number?
True
Let j(q) = -10*q - 6. Let g be j(7). Let t = g - -563. Is t a prime number?
True
Is (-1)/(1*3/(-1923)) composite?
False
Let l(b) = 1144*b**2 + 4*b + 1. Is l(-1) composite?
True
Suppose -511 = -r + 252. Is r a prime number?
False
Let r(b) = -6*b**3 - 7*b**2 - 11*b - 13. Is r(-6) a prime number?
True
Is 444 + 3 + 0 + -4 composite?
False
Suppose 409 = m + 118. Is m prime?
False
Let o = 17 + -27. Let r = -6 - o. Suppose -45 = 3*q - 5*q - z, r*z + 96 = 4*q. Is q a composite number?
False
Let u(h) = -8 + 1 + 2 - 8*h**2 - h + 2*h**3. Is u(6) composite?
True
Let p be 3 - (-2 + 197 + -1). Let n = -373 - p. Let x = n + 279. Is x prime?
True
Let r = 36 - 272. Let f be 1*(-8 + 0) - 2. Is r/(-5)*f/(-4) prime?
False
Let b be -2 + 0 + (-35)/(-5). Suppose 10 = -i - 4*i, 0 = 2*q - b*i - 72. Is q prime?
True
Let z = -35 + 63. Let v be 8/z - (-7617)/21. Let m = v + -236. Is m a composite number?
False
Let j(f) = 127*f + 33. Is j(8) a composite number?
False
Let a(t) = -6*t - 3. Let b be a(-2). Suppose -4*x - 3 = b. Is 2 + x/(-6)*8 composite?
True
Suppose 0 = -3*k - 4*u + 17, 4*k + 0*u = -5*u + 22. Suppose 3*s + s + 5*z - 927 = 0, -k*s + 702 = -3*z. Is s prime?
True
Suppose 5*w - 15 - 330 = 0. Is w a prime number?
False
Let x(a) = -37*a + 116. Is x(-35) composite?
True
Let b be (-2912)/20 - 2/5. Let m = -81 - b. Is m composite?
True
Let b(q) be the first derivative of 3*q**2 - 3 - q - 2*q**2 + 2*q. Is b(1) a prime number?
True
Is ((-46)/4)/((-1)/22) composite?
True
Let o be (-3 - -2) + 1 - -164. Let f = o + 143. Is f prime?
True
Let k be ((-2)/(-2))/(2/10). Let i(a) = -k*a**2 - 2*a + 33*a**2 + 26*a**2 + 42*a**2 - 1. Is i(-1) prime?
True
Let i(f) = -44*f**2 + 3*f - 1. Suppose -j = 4 - 6. Let v be i(j). Let m = -48 - v. Is m composite?
True
Let a(d) = 6*d**3 - 9*d**2 - 7*d - 13. Is a(7) composite?
True
Let m = 29 + -17. Suppose 0 = 2*i + 5*j + 14, 2*j + m - 4 = 0. Is i prime?
True
Suppose 0 = -5*c + 1399 + 1756. Is c a composite number?
False
Suppose -91 = 3*q - 4*q. Is q composite?
True
Suppose -2*a - 486 + 34 = -2*z, 5*z - 1100 = -a. Let k = -90 + z. Is k composite?
False
Suppose -4*t = -3*t - 581. Is t a prime number?
False
Let p be (9 + -8)/((-1)/(-7)). Suppose p*n = 6*n + 85. Is n composite?
True
Let d(o) = -o**3 + 6*o**2 + o - 8. Let m be d(6). Let q(b) = -2*b - 3. Let c be q(m). Is ((-132)/c)/(-3) + 2 composite?
True
Let r(u) = -u**2. Let s be r(-2). Let v be 3/4 + (-1)/s. Is (-2 - 0) + (v - -48) a composite number?
False
Suppose -4*p - 50 = 6*a - 3*a, -4*a - 54 = -p. Let z = 28 + a. Is z composite?
True
Suppose -3*k = -k + 8. Let j(f) = 11*f**2 - 3*f + 3. Is j(k) composite?
False
Let w = -1816 + 3509. Is w a prime number?
True
Let m be 33/18 - (-2)/12. Let d be (26/(-4))/(m/(-12)). Let u = -4 + d. Is u prime?
False
Let w(o) = -23*o**2 + 7*o + 3. Let k(j) = -22*j**2 + 8*j + 4. Let c(f) = 4*k(f) - 5*w(f). Is c(-3) a prime number?
False
Let d = -1449 - -2116. Is d a prime number?
False
Let y(z) = -2*z**2 + 5*z - 3. Let i be y(3). Let g be (-1)/3 - 230/i. Let w = g + -27. Is w a composite number?
False
Let j(p) = 2*p + 4. Let f be j(-5). Let q = 5 + f. Is (4/(-12))/(q/75) prime?
False
Let d = 584 - 358. Suppose -2*v = -4*u + d, -2*u + 55 = -u - 2*v. Is u prime?
False
Let i(h) = -h**2 - 3*h - 4. Let j be i(-4). Let s be 516/(-7) - j/(-28). Is (1 + 0)*s/(-2) prime?
True
Suppose -997 = -2*d + 3*w, -d + w = -5*d + 1959. Is d prime?
True
Let t(j) = 12*j**2 + 0*j - 2*j + 4*j - 1. Is t(-2) prime?
True
Suppose z + 0 - 1 = 0. Let w = 8 + -6. Let n = z + w. Is n composite?
False
Let l(s) = s**2 - 4*s + 1. Is l(-5) a prime number?
False
Let m(g) = g**3 - 16*g**2 + 14*g + 18. Let r be m(16). Let b = r - -129. Is b prime?
False
Let d be 2*-86*(-3)/4. Suppose -53 - d = -2*g. Is g a composite number?
True
Let n(d) = -4*d**2 + 5*d - 4. Let p be n(5). Let x = -56 - p. Is x a prime number?
True
Let u(m) = -23*m**2 + 8*m + 15. Let l(s) = 8*s**2 - 3*s - 5. Let h(b) = -11*l(b) - 4*u(b). Is h(-6) a prime number?
False
Let n = 28 - 19. Suppose n = i + 3. Suppose v - 201 = 5*g, v - 5*g = i*v - 1065. Is v a prime number?
True
L